{"id":39,"date":"2008-04-09T21:27:03","date_gmt":"2008-04-09T19:27:03","guid":{"rendered":"http:\/\/yhelteljel.ee\/blog\/?page_id=39"},"modified":"2015-08-10T11:32:06","modified_gmt":"2015-08-10T09:32:06","slug":"about","status":"publish","type":"page","link":"https:\/\/yhelteljel.ee\/?page_id=39","title":{"rendered":"Meist"},"content":{"rendered":"<p>[singlepic=425,530,400]<\/p>\n<p>\u201cHullud olete peast v\u00f5i? Seal on ju terroristid!\u201d Kahe k\u00e4e s\u00f5rmedest j\u00e4\u00e4ks vist puudu, kui tahaks kokku lugeda k\u00f5iki neid kordi kui meid enne matka Iraani, \u201ckurjuse telje riiki\u201d, hoiatada v\u00f5i \u00fcmber veenda p\u00fc\u00fcti.<\/p>\n<blockquote><p>Tegelikult puutusime seal kokku ehk \u00fche lahkema ja s\u00f5bralikuma rahvaga maailmas.<\/p><\/blockquote>\n<p>Meedia loob m\u00fc\u00fcte, meie aga tahame teada saada, kuidas mujal asjad tegelikult on. Selleks pole vaja muud kui kohale minna. L\u00e4bi aastate on meie reisikaaslaseks ja liikumapanevaks j\u00f5uks olnud mootorratas. Miks? Usume, et mootorrattal matkamine v\u00f5imaldab saavutada \u00fcmbritsevaga tihedat kokkupuudet, rikastades ja v\u00f5imendades sellega uutest paikadest saadavaid elamusi. Siiani ei ole me transpordivahendi osas oma valikut kahetsenud (l\u00e4hemalt saab mootorratta kohta teada rubriigist <a href=\"http:\/\/yhelteljel.ee\/?page_id=8\">\u201cMoto\u201d<\/a>).<\/p>\n<p>Meie ise, \u00fcks f\u00fc\u00fcsik\/muusik\/fotograaf ja teine pr-spetsialist\/t\u00f5lk\/vokalist, tegime t\u00f5sisema motomatkamisega algust 2003. aastal. Siin on meie matkade kronoloogia:<\/p>\n<ul>\n<li>2003 &#8211;\u00a0Austria<\/li>\n<li>2004 &#8211; Kesk- ja L\u00e4\u00e4ne-Euroopa (kaugeim punkt: Ceuta, Aafrika manner)<\/li>\n<li>2005 &#8211; Iraan (vt ka <a href=\"http:\/\/yhelteljel.ee\/iraan\/iraan.html\" target=\"_blank\">reisikirja<\/a>)<\/li>\n<li>2006 &#8211;\u00a0Skandinaaviamaad<\/li>\n<li>2007 &#8211; S\u00fc\u00fcria ja Jordaania (vt ka <a href=\"http:\/\/www.emmk.ee\/tsiklonaut\/tsiklonauts_pot\/Lahis-Ida.html\" target=\"_blank\">reisikirja<\/a>)<\/li>\n<\/ul>\n<p>Aga kaua sa niimoodi edasi-tagasi ikka s\u00f5elud! Niimoodi j\u00e4tkates on peagi Poola ka kinnisilmi s\u00f5idetav, ning tahes-tahtmata j\u00e4\u00e4b \u00fckskord ka puhkuseaeg liiga l\u00fchikeseks, et j\u00f5uda rattal sinna, kuhu hing ihkab. Siit tekkis ka plaan \u2013 mitte enne tagasi tulla, kui maakerale on ring peale tehtud!<\/p>\n<p style=\"text-align: center;\">_______________\n<\/p>\n<p style=\"text-align: center;\"><img loading=\"lazy\" decoding=\"async\" style=\"vertical-align: middle;\" src=\"http:\/\/yhelteljel.ee\/wp-content\/uploads\/2008\/04\/margus.png\" alt=\"Margus\" width=\"326\" height=\"241\" \/><\/p>\n<p style=\"text-align: center;\"><strong>Margus Sootla<\/strong><\/p>\n<p style=\"text-align: center;\">S\u00fcnd.: 1981<br \/>\nHaridus: Tartu \u00dclikooli fundamentaalf\u00fc\u00fcsika (BSc).<br \/>\nMida tegi projekti raames:\u00a0juhtis mootorratast, pildistas, programmeeris kodulehte.<\/p>\n<p style=\"text-align: center;\">\n<p style=\"text-align: center;\"><img loading=\"lazy\" decoding=\"async\" style=\"vertical-align: middle;\" src=\"http:\/\/yhelteljel.ee\/wp-content\/uploads\/2008\/04\/kariina.png\" alt=\"Kariina\" width=\"310\" height=\"243\" \/><\/p>\n<p style=\"text-align: center;\"><strong>Kariina T\u0161ursin<\/strong><\/p>\n<p style=\"text-align: center;\">S\u00fcnd.: 1983<br \/>\nHaridus: Tartu \u00dclikooli prantsuse\u00a0keel ja kirjandus (BA),<br \/>\navalikkussuhted ja teabekorraldus (BA), konverentsit\u00f5lge (MA).<br \/>\nMida tegi projekti raames: luges kaarti, kirjutas artikleid, toimetas kodulehte.<\/p>\n<p style=\"text-align: center;\">\u00a0_______________<\/p>\n<p style=\"text-align: center;\">\n<p>Nii et k\u00fcsimus oli, kas kohe v\u00f5i alles 25 aasta p\u00e4rast &#8211; kui kogunenud varandus maha m\u00fc\u00fcdud, lapsed suureks kasvanud ja keskeakriis tabanud. K\u00fcll aga teha sama asi l\u00e4bi oma elu parimates, produktiivseimates aastates, tundus palju ahvatlevam idee&#8230;<\/p>\n<p>Oleks v\u00f5inud ju k\u00fcsida:<\/p>\n<blockquote><p>Miks ei tee me parem karj\u00e4\u00e4ri? Miks ei osta edevat autot? Miks ei v\u00f5ta kinnisvara soetamiseks pangalaenu, ei investeeri oma tulevikku? Miks tahame h\u00fcljata moodsa elu h\u00fcved?<\/p><\/blockquote>\n<p>Need v\u00f5tmek\u00fcsimused iseloomustavad h\u00e4sti t\u00e4nase p\u00e4eva tegelikkust, millest vaid v\u00e4hesed s\u00f6andavad k\u00f5rvale vaadata.<\/p>\n<p>Meie vastus sellele k\u00fcsimusele on lihtne: selle k\u00f5ige asemel on meil kirg. Kirg avastada iseennast ja \u00fcmbritsevat meie \u00fcmber, mis on sedav\u00f5rd suur, et lubab k\u00f5ik \u00fchiskonna poolt peale surutud ebavajalikud v\u00e4\u00e4rtused julgelt, h\u00e4bi tundmata, maha matta.<\/p>\n<blockquote><p>Vinge auto asemel on meil mootorratas, hubase kodu asemel telk. Selmet maailma l\u00e4bi teleri vaadata, elame reaalsust ise l\u00e4bi. Materiaalse asemel otsime hingelist rikkust.<\/p><\/blockquote>\n<p>Kuigi terve eluea taustal on see kui valguss\u00e4hvatus &#8211; kiire ja ere &#8211; ning hilisem valus maandumine argiellu on paratamatu, talletub see meie teadvusse elu l\u00f5puni ja rikastab j\u00e4tkuvat teekonda kuni k\u00fc\u00fcnal kustub&#8230; \u00dcks elu on ainus, mis meile antakse, ning nagu \u00f6eldakse, ei tasu kahetseda mitte neid asju, mis tehtud, vaid neid, mis tegemata j\u00e4\u00e4vad. Kindlasti oleksime tulevikus kahetsenud unistuse ellu viimata j\u00e4tmist.<\/p>\n<p>[singlepic=421,530,400]<\/p>\n","protected":false},"excerpt":{"rendered":"<p>[singlepic=425,530,400] \u201cHullud olete peast v\u00f5i? Seal on ju terroristid!\u201d Kahe k\u00e4e s\u00f5rmedest j\u00e4\u00e4ks vist puudu, kui tahaks kokku lugeda k\u00f5iki neid kordi kui meid enne matka Iraani, \u201ckurjuse telje riiki\u201d, hoiatada v\u00f5i \u00fcmber veenda p\u00fc\u00fcti. Tegelikult puutusime seal kokku ehk \u00fche lahkema ja s\u00f5bralikuma rahvaga maailmas. Meedia loob m\u00fc\u00fcte, meie aga tahame teada saada, kuidas &hellip; <a href=\"https:\/\/yhelteljel.ee\/?page_id=39\" class=\"more-link\">Loe edasi <span class=\"screen-reader-text\">Meist<\/span> <span class=\"meta-nav\">&rarr;<\/span><\/a><\/p>\n","protected":false},"author":3,"featured_media":0,"parent":0,"menu_order":1,"comment_status":"open","ping_status":"open","template":"","meta":{"_monsterinsights_skip_tracking":false,"_monsterinsights_sitenote_active":false,"_monsterinsights_sitenote_note":"","_monsterinsights_sitenote_category":0,"footnotes":""},"class_list":["post-39","page","type-page","status-publish","hentry"],"_links":{"self":[{"href":"https:\/\/yhelteljel.ee\/index.php?rest_route=\/wp\/v2\/pages\/39","targetHints":{"allow":["GET"]}}],"collection":[{"href":"https:\/\/yhelteljel.ee\/index.php?rest_route=\/wp\/v2\/pages"}],"about":[{"href":"https:\/\/yhelteljel.ee\/index.php?rest_route=\/wp\/v2\/types\/page"}],"author":[{"embeddable":true,"href":"https:\/\/yhelteljel.ee\/index.php?rest_route=\/wp\/v2\/users\/3"}],"replies":[{"embeddable":true,"href":"https:\/\/yhelteljel.ee\/index.php?rest_route=%2Fwp%2Fv2%2Fcomments&post=39"}],"version-history":[{"count":2,"href":"https:\/\/yhelteljel.ee\/index.php?rest_route=\/wp\/v2\/pages\/39\/revisions"}],"predecessor-version":[{"id":16513,"href":"https:\/\/yhelteljel.ee\/index.php?rest_route=\/wp\/v2\/pages\/39\/revisions\/16513"}],"wp:attachment":[{"href":"https:\/\/yhelteljel.ee\/index.php?rest_route=%2Fwp%2Fv2%2Fmedia&parent=39"}],"curies":[{"name":"wp","href":"https:\/\/api.w.org\/{rel}","templated":true}]}}